19?
3
What is the millions digit of 6719276?
6
What is the thousands digit of 2368750?
8
What is the tens digit of 296779?
7
What is the ten thousands digit of 3868379?
6
What is the hundred thousands digit of 141089?
1
What is the ten thousands digit of 14251865?
5
What is the thousands digit of 290465?
0
What is the hundred thousands digit of 3237956?
2
What is the thousands digit of 604941?
4
What is the hundred thousands digit of 4422811?
4
What is the millions digit of 1280575?
1
What is the hundreds digit of 8520414?
4
What is the tens digit of 5144879?
7
What is the ten thousands digit of 446140?
4
What is the units digit of 2420316?
6
What is the thousands digit of 803476?
3
What is the hundred thousands digit of 1937450?
9
What is the thousands digit of 928423?
8
What is the thousands digit of 86995?
6
What is the ten thousands digit of 419994?
1
What is the ten thousands digit of 298907?
9
What is the ten thousands digit of 6323938?
2
What is the hundreds digit of 3194?
1
What is the units digit of 206362?
2
What is the ten thousands digit of 82965?
8
What is the units digit of 111061?
1
What is the ten thousands digit of 171100?
7
What is the thousands digit of 374929?
4
What is the ten thousands digit of 23437301?
3
What is the units digit of 7513625?
5
What is the thousands digit of 2283924?
3
What is the hundreds digit of 306500?
5
What is the hundred thousands digit of 1137375?
1
What is the units digit of 2097005?
5
What is the thousands digit of 17061818?
1
What is the thousands digit of 519315?
9
What is the ten millions digit of 23192691?
2
What is the thousands digit of 13046515?
6
What is the thousands digit of 5235812?
5
What is the hundreds digit of 41262?
2
What is the units digit of 917780?
0
What is the thousands digit of 796667?
6
What is the thousands digit of 1969768?
9
What is the tens digit of 717097?
9
What is the units digit of 1513250?
0
What is the tens digit of 20253802?
0
What is the millions digit of 2551639?
2
What is the hundred thousands digit of 276381?
2
What is the hundreds digit of 5596447?
4
What is the hundreds digit of 4449822?
8
What is the ten thousands digit of 282939?
8
What is the thousands digit of 5713778?
3
What is the hundred thousands digit of 1126766?
1
What is the hundred thousands digit of 8987973?
9
What is the thousands digit of 5388474?
8
What is the tens digit of 3521644?
4
What is the hundred thousands digit of 405248?
4
What is the hundred thousands digit of 3023848?
0
What is the ten thousands digit of 45226?
4
What is the hundreds digit of 864415?
4
What is the hundreds digit of 383482?
4
What is the ten millions digit of 26860965?
2
What is the units digit of 90538?
8
What is the ten thousands digit of 11994525?
9
What is the ten thousands digit of 138858?
3
What is the units digit of 36354099?
9
What is the millions digit of 20160339?
0
What is the tens digit of 399557?
5
What is the units digit of 8076767?
7
What is the ten thousands digit of 1082814?
8
What is the hundreds digit of 902064?
0
What is the tens digit of 530285?
8
What is the thousands digit of 38443?
8
What is the units digit of 434154?
4
What is the hundred thousands digit of 380113?
3
What is the ten thousands digit of 79021?
7
What is the hundreds digit of 1307803?
8
What is the thousands digit of 5031284?
1
What is the ten thousands digit of 24429670?
2
What is the units digit of 1648687?
7
What is the tens digit of 281040?
4
What is the ten thousands digit of 444261?
4
What is the tens digit of 67287?
8
What is the millions digit of 3545283?
3
What is the hundred thousands digit of 4050071?
0
What is the ten thousands digit of 5590199?
9
What is the millions digit of 3709218?
3
What is the units digit of 240409?
9
What is the tens digit of 2470304?
0
What is the thousands digit of 3483494?
3
What is the tens digit of 1489813?
1
What is the hundred thousands digit of 405479?
4
What is the units digit of 1183891?
1
What is the ten millions digit of 12081468?
1
What is the tens digit of 73939?
3
What is the ten millions digit of 10177289?
1
What is the hundred thousands digit of 295060?
2
What is the units digit of 683824?
4
What is the tens digit of 13533660?
6
What is the tens digit of 246406?
0
What is the ten thousands digit of 94664?
9
What is the hundreds digit of 2857009?
0
What is the ten thousands digit of 1755996?
5
What is the tens digit of 267425?
2
What is the millions digit of 16554755?
6
What is the thousands digit of 9737?
9
What is the units digit of 2053066?
6
What is the thousands digit of 7436952?
6
What is the thousands digit of 70847?
0
What is the tens digit of 439505?
0
What is the tens digit of 104009?
0
What is the ten thousands digit of 248706?
4
What is the millions digit of 2415854?
2
What is the units digit of 180772?
2
What is the ten thousands digit of 161478?
6
What is the ten thousands digit of 1953462?
5
What is the millions digit of 1207562?
1
What is the thousands digit of 10416853?
6
What is the hundreds digit of 93610?
6
What is the hundred thousands digit of 263537?
2
What is the hundreds digit of 6450796?
7
What is the units digit of 409031?
1
What is the thousands digit of 691233?
1
What is the tens digit of 16070466?
6
What is the units digit of 3669630?
0
What is the tens digit of 135874?
7
What is the ten thousands digit of 2393305?
9
What is the ten thousands digit of 5132865?
3
What is the hundred thousands digit of 1277624?
2
What is the units digit of 81296?
6
What is the ten thousands digit of 57649?
5
What is the units digit of 16575914?
4
What is the thousands digit of 298113?
8
What is the tens digit of 426938?
3
What is the tens digit of 11052827?
2
What is the ten thousands digit of 772874?
7
What is the hundreds digit of 5836077?
0
What is the thousands digit of 4029228?
9
What is the ten thousands digit of 241914?
4
What is the ten millions digit of 13641440?
1
What is the tens digit of 434429?
2
What is the ten thousands digit of 295415?
9
What is the hundreds digit of 682690?
6
What is the millions digit of 3593470?
3
What is the millions digit of 26866805?
6
What is the hundreds digit of 136048?
0
What is the thousands digit of 8099659?
9
What is the ten thousands digit of 4541196?
4
What is the hundreds digit of 5682497?
4
What is the millions digit of 3012235?
3
What is the units digit of 1725455?
5
What is the hundred thousands digit of 756102?
7
What is the thousands digit of 265801?
5
What is the tens digit of 2445935?
3
What is the millions digit of 19466041?
9
What is the thousands digit of 15142153?
2
What is the millions digit of 5040146?
5
What is the ten thousands digit of 130047?
3
What is the hundred thousands digit of 185090?
1
What is the millions digit of 1124968?
1
What is the tens digit of 3895676?
7
What is the tens digit of 5261933?
3
What is the units digit of 173431?
1
What is the hundred thousands digit of 267328?
2
What is the hundred thousands digit of 5085046?
0
What is the units digit of 4599694?
4
What is the thousands digit of 1230600?
0
What is the hundred thousands digit of 1992574?
9
What is the units digit of 9092?
2
What is the tens digit of 21313432?
3
What is the millions digit of 7686773?
7
What is the thousands digit of 14914373?
4
What is the hundreds digit of 315076?
0
What is the millions digit of 1492732?
1
What is the millions digit of 1511656?
1
What is the thousands digit of 71894?
1
What is the tens digit of 6228751?
5
What is the hundreds digit of 151166?
1
What is the hundreds digit of 15774247?
2
What is the tens digit of 16382735?
3
What is the hundred thousands digit of 2025957?
0
What is the thousands digit of 1473100?
3
What is the millions digit of 12695842?
2
What is the millions digit of 2702497?
2
What is the hundreds digit of 59888?
8
What is the hundred thousands digit of 9109104?
1
What is the ten thousands digit of 85387?
8
What is the ten thousands digit of 17550626?
5
What is the millions digit of 4935902?
4
What is the thousands digit of 125948?
5
What is the ten thousands digit of 390492?
9
What is the tens digit of 6221595?
9
What is the tens digit of 235005?
0
What is the hundred thousands digit of 979141?
9
What is the ten thousands digit of 2959901?
5
What is the hundred tho